at is the greatest common divisor of 320873146 and 11?
11
Calculate the greatest common factor of 708576 and 338316.
1452
Calculate the greatest common factor of 737 and 24825443.
67
Calculate the greatest common divisor of 147190792 and 56.
56
What is the highest common divisor of 15365028 and 196?
196
What is the greatest common divisor of 3131552 and 254?
2
What is the greatest common divisor of 46019610 and 756?
378
Calculate the highest common factor of 86256912 and 22848.
5712
What is the greatest common factor of 125554464 and 32?
32
What is the highest common divisor of 29567265 and 2275?
455
What is the highest common factor of 59157883 and 116?
29
Calculate the greatest common divisor of 2402217 and 52875.
423
What is the highest common divisor of 1486826 and 11550?
22
What is the greatest common divisor of 6120 and 39047640?
2040
What is the greatest common factor of 3861734 and 203584?
6362
Calculate the highest common divisor of 5626425 and 735.
735
What is the highest common factor of 111511 and 29573891?
5869
Calculate the greatest common divisor of 1922150 and 64418.
2078
What is the greatest common divisor of 10139954 and 110?
22
What is the highest common factor of 17400 and 6900?
300
What is the highest common divisor of 1670 and 1150964?
334
Calculate the highest common divisor of 448 and 121669688.
56
Calculate the greatest common divisor of 133040 and 2783862.
3326
What is the greatest common divisor of 40 and 31071190?
10
What is the highest common factor of 31466128 and 8455?
1691
What is the highest common divisor of 834522 and 40560?
1014
What is the highest common factor of 20576 and 19456?
32
Calculate the greatest common divisor of 1614 and 452.
2
What is the greatest common divisor of 336 and 45875494?
14
Calculate the highest common factor of 3845 and 12362444.
769
Calculate the highest common divisor of 399 and 1354794791.
133
Calculate the highest common factor of 149162286 and 2184.
546
What is the greatest common divisor of 760 and 445588?
76
Calculate the greatest common factor of 33459 and 14505357.
1761
What is the greatest common factor of 133497804 and 17?
17
Calculate the greatest common factor of 689667 and 759.
33
What is the greatest common divisor of 18765 and 1160?
5
Calculate the highest common factor of 65499 and 78477.
21
What is the greatest common factor of 740205 and 1215?
135
Calculate the highest common factor of 289240 and 116729.
1033
Calculate the greatest common divisor of 7679045 and 605.
55
What is the greatest common divisor of 29239364 and 1309?
77
What is the greatest common factor of 659019 and 2622?
69
What is the greatest common divisor of 5115 and 685355?
55
Calculate the greatest common factor of 1014523510 and 2860.
1430
Calculate the greatest common factor of 2365885412 and 19048.
9524
What is the greatest common divisor of 12049249 and 2679?
893
What is the greatest common factor of 433067 and 4071?
23
Calculate the highest common divisor of 26908166 and 4.
2
What is the highest common divisor of 1975568 and 171368?
248
Calculate the highest common divisor of 150667832 and 7.
7
What is the greatest common divisor of 9 and 43617900?
3
What is the highest common divisor of 18162297 and 5288?
661
Calculate the highest common divisor of 1553609 and 1525.
61
What is the highest common factor of 8057 and 623?
7
What is the greatest common divisor of 5316 and 196046992?
1772
Calculate the highest common divisor of 186497 and 73149.
659
What is the greatest common divisor of 3293530734 and 102?
102
What is the highest common divisor of 672237 and 3051?
1017
What is the highest common factor of 884652428 and 11?
11
Calculate the greatest common divisor of 2912 and 1133431.
13
What is the highest common factor of 83048069 and 1482?
247
Calculate the highest common factor of 2911 and 293737366.
2911
What is the highest common factor of 2821 and 4171167?
91
Calculate the greatest common divisor of 33400 and 14249275.
4175
Calculate the highest common divisor of 172485 and 23490.
45
What is the greatest common divisor of 253 and 4016444?
23
What is the greatest common divisor of 13680 and 355072?
304
Calculate the greatest common divisor of 128 and 1210468.
4
Calculate the greatest common divisor of 33673998 and 919.
919
Calculate the greatest common divisor of 734 and 392762666.
734
What is the greatest common factor of 23591 and 3194678?
761
Calculate the highest common divisor of 6 and 19884.
6
What is the highest common divisor of 23180 and 34895660?
1220
Calculate the highest common factor of 195875 and 10597621.
1567
What is the greatest common factor of 1220 and 93780?
20
Calculate the highest common divisor of 3640 and 1924520.
520
Calculate the greatest common divisor of 417877 and 534531.
799
What is the highest common divisor of 484008 and 226653?
903
What is the highest common factor of 114 and 285617481?
57
What is the highest common factor of 1826473 and 176?
11
What is the greatest common factor of 1401442 and 448?
14
Calculate the highest common divisor of 17800 and 957400.
200
What is the greatest common divisor of 5480 and 2182684?
548
Calculate the highest common factor of 6135298 and 667.
29
What is the greatest common factor of 12985020 and 180?
180
What is the greatest common divisor of 7899593 and 104?
13
What is the highest common factor of 210420 and 308665?
35
What is the highest common divisor of 49733 and 1892027?
41
What is the greatest common divisor of 4696 and 36626?
2
Calculate the greatest common divisor of 932 and 13036.
4
Calculate the greatest common factor of 30659644 and 256012.
8828
What is the highest common divisor of 1134 and 27817614?
54
What is the highest common factor of 1692 and 4055652?
36
What is the highest common factor of 24 and 79830972?
12
What is the highest common divisor of 9288430 and 3956?
86
Calculate the greatest common factor of 8319 and 446547.
141
What is the greatest common factor of 12 and 6474003?
3
What is the greatest common factor of 29756244 and 42?
42
Calculate the greatest common factor of 52881375 and 830.
415
What is the highest common divisor of 90924370 and 80?
10
What is the greatest common divisor of 12405792 and 19488?
672
Calculate the greatest common divisor of 3254655 and 549.
183
Calculate the greatest common divisor of 7731009 and 1980.
99
Calculate the highest common divisor of 384804 and 9285687.
4581
Calculate the greatest common divisor of 145308865 and 65.
65
Calculate the highest common factor of 3 and 892307.
1
Calculate the greatest common divisor of 696024 and 70938.
126
What is the greatest common factor of 9800922 and 2682?
894
What is the highest common divisor of 24615060 and 2070?
690
What is the greatest common divisor of 10991 and 97817?
29
Calculate the greatest common divisor of 191450 and 6400.
50
What is the greatest common factor of 11782 and 75250?
86
What is the greatest common divisor of 15 and 149195385?
15
Calculate the highest common divisor of 159169895 and 255.
85
Calculate the highest common factor of 77952 and 667232.
928
Calculate the highest common divisor of 380 and 80325730.
190
What is the greatest common divisor of 415 and 12382770?
415
Calculate the highest common divisor of 524566 and 102844.
14
What is the greatest common divisor of 250 and 27849410?
10
What is the highest common divisor of 7711157 and 964653?
6067
What is the highest common divisor of 588 and 593188512?
588
What is the highest common factor of 29392 and 27291?
11
Calculate the greatest common divisor of 282717330 and 35.
35
Calculate the greatest common factor of 354180697 and 26.
13
What is the highest common divisor of 135 and 27035748?
27
Calculate the highest common factor of 76987039 and 1931.
1931
What is the highest common divisor of 43595740 and 20?
20
Calculate the highest common factor of 29 and 451643419.
29
What is the greatest common divisor of 351 and 2041533?
117
What is the greatest common divisor of 850 and 3271?
1
Calculate the greatest common factor of 42620 and 134.
2
What is the highest common divisor of 703 and 68819963?
37
Calculate the highest common factor of 12 and 494479092.
12
What is the greatest common divisor of 9604 and 2783102?
686
What is the highest common